{"id":257,"date":"2020-02-02T18:38:32","date_gmt":"2020-02-02T18:38:32","guid":{"rendered":"https:\/\/oamgmamr-tulcea.ro\/?page_id=257"},"modified":"2020-02-02T18:38:33","modified_gmt":"2020-02-02T18:38:33","slug":"reatestarea-profesionala","status":"publish","type":"page","link":"https:\/\/oamgmamr-tulcea.ro\/index.php\/reatestarea-profesionala\/","title":{"rendered":"Reatestarea profesional\u0103"},"content":{"rendered":"\n<p>\u00cen conformitate cu prevederile art. 18 din OUG 144\/2008, asisten\u0163ii medicali generali\u015fti, moa\u015fele \u015fi asisten\u0163ii medicali care \u00eentrerup activitatea profesional\u0103 pentru o perioad\u0103 mai mare de 5 ani vor fi reatesta\u0163i, \u00een vederea relu\u0103rii activit\u0103\u0163ii.<\/p>\n\n\n\n<p>Reatestarea competen\u0163ei profesionale a asisten\u0163ilor medicali generali\u015fti, moa\u015felor \u015fi asisten\u0163ilor medicali \u00een vederea exercit\u0103rii profesiei&nbsp; se face, la cerere, de c\u0103tre o comisie a filialei Ordinului Asisten\u0163ilor Medicali Generali\u015fti, Moa\u015felor \u015fi Asisten\u0163ilor Medicali din Rom\u00e2nia, \u00een baza Metodologiei de reatestare a competen\u021belor profesionale a&nbsp;asisten\u0163ilor medicali generali\u015fti, moa\u015felor \u015fi asisten\u0163ilor medicali, adoptat\u0103 prin Hot\u0103r\u00e2rea Consiliului na\u021bional nr. 32\/ 2009 cu modific\u0103rile \u0219i complet\u0103rile ulterioare.<\/p>\n\n\n\n<p><a href=\"https:\/\/oamrbotosani.ro\/wp-content\/uploads\/2019\/01\/Metodologie-reatestare-2018.pdf\">Metodologie-reatestare-2018<\/a><\/p>\n\n\n\n<p>Descarc\u0103 tematica examenului de reatestare a competen\u021belor profesionale:<\/p>\n\n\n\n<p><a href=\"http:\/\/www.oamr.ro\/wp-content\/uploads\/2013\/12\/TEMATICA-REATESTARE_-ASISTENT-MEDICAL-GENERALIST.pdf\">TEMATICA REATESTARE_ ASISTENT MEDICAL GENERALIST<\/a><\/p>\n\n\n\n<p><a href=\"http:\/\/www.oamr.ro\/wp-content\/uploads\/2013\/12\/TEMATICA-REATESTARE_NUTRITIE-DIETETICA.pdf\">TEMATICA REATESTARE_NUTRITIE-DIETETICA<\/a><\/p>\n\n\n\n<p><a href=\"http:\/\/www.oamr.ro\/wp-content\/uploads\/2013\/12\/TEMATICA-REATESTARE_LABORATOR.pdf\">TEMATICA REATESTARE_LABORATOR<\/a><\/p>\n\n\n\n<p><a href=\"http:\/\/www.oamr.ro\/wp-content\/uploads\/2013\/12\/TEMATICA-REATESTARE_FARMACIE-2.pdf\">TEMATICA REATESTARE_FARMACIE-2<\/a><\/p>\n\n\n\n<p><a href=\"http:\/\/www.oamr.ro\/wp-content\/uploads\/2013\/12\/TEMATICA-REATESTARE_BFKT.pdf\">TEMATICA REATESTARE_BFKT<\/a><\/p>\n\n\n\n<p><a href=\"http:\/\/www.oamr.ro\/wp-content\/uploads\/2013\/12\/TEMATICA-REATESTARE_-ASISTENT-MEDICO-SOCIAL.pdf\">TEMATICA REATESTARE_ ASISTENT MEDICO SOCIAL<\/a><\/p>\n\n\n\n<p><a href=\"http:\/\/www.oamr.ro\/wp-content\/uploads\/2013\/12\/TEMATICA-REATESTARE-IGIENA-SI-SANATATE-PUBLICA.pdf\">TEMATICA REATESTARE IGIENA SI SANATATE PUBLICA<\/a><\/p>\n\n\n\n<p><a href=\"http:\/\/www.oamr.ro\/wp-content\/uploads\/2013\/12\/TEMATICA-REATESTARE-_RADIOLOGIE.pdf\">TEMATICA REATESTARE _RADIOLOGIE<\/a><\/p>\n\n\n\n<p><a href=\"http:\/\/www.oamr.ro\/wp-content\/uploads\/2013\/12\/TEMATICA-REATESTARE-_-OBSTETRICA-GINECOLOGIE.pdf\">TEMATICA REATESTARE _ OBSTETRICA- GINECOLOGIE<\/a><\/p>\n","protected":false},"excerpt":{"rendered":"<p>\u00cen conformitate cu prevederile art. 18 din OUG 144\/2008, asisten\u0163ii medicali generali\u015fti, moa\u015fele \u015fi asisten\u0163ii medicali care \u00eentrerup activitatea profesional\u0103 pentru o perioad\u0103 mai mare de<span class=\"excerpt-hellip\"> [\u2026]<\/span><\/p>\n","protected":false},"author":1,"featured_media":0,"parent":0,"menu_order":0,"comment_status":"closed","ping_status":"closed","template":"","meta":{"footnotes":""},"class_list":["post-257","page","type-page","status-publish","hentry"],"yoast_head":"<!-- This site is optimized with the Yoast SEO plugin v23.3 - https:\/\/yoast.com\/wordpress\/plugins\/seo\/ -->\n<title>Reatestarea profesional\u0103 - OAMGMAMR Filiala Tulcea<\/title>\n<meta name=\"robots\" content=\"index, follow, max-snippet:-1, max-image-preview:large, max-video-preview:-1\" \/>\n<link rel=\"canonical\" href=\"https:\/\/oamgmamr-tulcea.ro\/index.php\/reatestarea-profesionala\/\" \/>\n<meta property=\"og:locale\" content=\"ro_RO\" \/>\n<meta property=\"og:type\" content=\"article\" \/>\n<meta property=\"og:title\" content=\"Reatestarea profesional\u0103 - OAMGMAMR Filiala Tulcea\" \/>\n<meta property=\"og:description\" content=\"\u00cen conformitate cu prevederile art. 18 din OUG 144\/2008, asisten\u0163ii medicali generali\u015fti, moa\u015fele \u015fi asisten\u0163ii medicali care \u00eentrerup activitatea profesional\u0103 pentru o perioad\u0103 mai mare de [\u2026]\" \/>\n<meta property=\"og:url\" content=\"https:\/\/oamgmamr-tulcea.ro\/index.php\/reatestarea-profesionala\/\" \/>\n<meta property=\"og:site_name\" content=\"OAMGMAMR Filiala Tulcea\" \/>\n<meta property=\"article:modified_time\" content=\"2020-02-02T18:38:33+00:00\" \/>\n<meta name=\"twitter:card\" content=\"summary_large_image\" \/>\n<meta name=\"twitter:label1\" content=\"Timp estimat pentru citire\" \/>\n\t<meta name=\"twitter:data1\" content=\"1 minut\" \/>\n<script type=\"application\/ld+json\" class=\"yoast-schema-graph\">{\"@context\":\"https:\/\/schema.org\",\"@graph\":[{\"@type\":\"WebPage\",\"@id\":\"https:\/\/oamgmamr-tulcea.ro\/index.php\/reatestarea-profesionala\/\",\"url\":\"https:\/\/oamgmamr-tulcea.ro\/index.php\/reatestarea-profesionala\/\",\"name\":\"Reatestarea profesional\u0103 - OAMGMAMR Filiala Tulcea\",\"isPartOf\":{\"@id\":\"https:\/\/oamgmamr-tulcea.ro\/#website\"},\"datePublished\":\"2020-02-02T18:38:32+00:00\",\"dateModified\":\"2020-02-02T18:38:33+00:00\",\"breadcrumb\":{\"@id\":\"https:\/\/oamgmamr-tulcea.ro\/index.php\/reatestarea-profesionala\/#breadcrumb\"},\"inLanguage\":\"ro-RO\",\"potentialAction\":[{\"@type\":\"ReadAction\",\"target\":[\"https:\/\/oamgmamr-tulcea.ro\/index.php\/reatestarea-profesionala\/\"]}]},{\"@type\":\"BreadcrumbList\",\"@id\":\"https:\/\/oamgmamr-tulcea.ro\/index.php\/reatestarea-profesionala\/#breadcrumb\",\"itemListElement\":[{\"@type\":\"ListItem\",\"position\":1,\"name\":\"Prima pagin\u0103\",\"item\":\"https:\/\/oamgmamr-tulcea.ro\/\"},{\"@type\":\"ListItem\",\"position\":2,\"name\":\"Reatestarea profesional\u0103\"}]},{\"@type\":\"WebSite\",\"@id\":\"https:\/\/oamgmamr-tulcea.ro\/#website\",\"url\":\"https:\/\/oamgmamr-tulcea.ro\/\",\"name\":\"OAMGMAMR Filiala Tulcea\",\"description\":\"OAMR Filiala Tulcea\",\"potentialAction\":[{\"@type\":\"SearchAction\",\"target\":{\"@type\":\"EntryPoint\",\"urlTemplate\":\"https:\/\/oamgmamr-tulcea.ro\/?s={search_term_string}\"},\"query-input\":\"required name=search_term_string\"}],\"inLanguage\":\"ro-RO\"}]}<\/script>\n<!-- \/ Yoast SEO plugin. -->","yoast_head_json":{"title":"Reatestarea profesional\u0103 - OAMGMAMR Filiala Tulcea","robots":{"index":"index","follow":"follow","max-snippet":"max-snippet:-1","max-image-preview":"max-image-preview:large","max-video-preview":"max-video-preview:-1"},"canonical":"https:\/\/oamgmamr-tulcea.ro\/index.php\/reatestarea-profesionala\/","og_locale":"ro_RO","og_type":"article","og_title":"Reatestarea profesional\u0103 - OAMGMAMR Filiala Tulcea","og_description":"\u00cen conformitate cu prevederile art. 18 din OUG 144\/2008, asisten\u0163ii medicali generali\u015fti, moa\u015fele \u015fi asisten\u0163ii medicali care \u00eentrerup activitatea profesional\u0103 pentru o perioad\u0103 mai mare de [\u2026]","og_url":"https:\/\/oamgmamr-tulcea.ro\/index.php\/reatestarea-profesionala\/","og_site_name":"OAMGMAMR Filiala Tulcea","article_modified_time":"2020-02-02T18:38:33+00:00","twitter_card":"summary_large_image","twitter_misc":{"Timp estimat pentru citire":"1 minut"},"schema":{"@context":"https:\/\/schema.org","@graph":[{"@type":"WebPage","@id":"https:\/\/oamgmamr-tulcea.ro\/index.php\/reatestarea-profesionala\/","url":"https:\/\/oamgmamr-tulcea.ro\/index.php\/reatestarea-profesionala\/","name":"Reatestarea profesional\u0103 - OAMGMAMR Filiala Tulcea","isPartOf":{"@id":"https:\/\/oamgmamr-tulcea.ro\/#website"},"datePublished":"2020-02-02T18:38:32+00:00","dateModified":"2020-02-02T18:38:33+00:00","breadcrumb":{"@id":"https:\/\/oamgmamr-tulcea.ro\/index.php\/reatestarea-profesionala\/#breadcrumb"},"inLanguage":"ro-RO","potentialAction":[{"@type":"ReadAction","target":["https:\/\/oamgmamr-tulcea.ro\/index.php\/reatestarea-profesionala\/"]}]},{"@type":"BreadcrumbList","@id":"https:\/\/oamgmamr-tulcea.ro\/index.php\/reatestarea-profesionala\/#breadcrumb","itemListElement":[{"@type":"ListItem","position":1,"name":"Prima pagin\u0103","item":"https:\/\/oamgmamr-tulcea.ro\/"},{"@type":"ListItem","position":2,"name":"Reatestarea profesional\u0103"}]},{"@type":"WebSite","@id":"https:\/\/oamgmamr-tulcea.ro\/#website","url":"https:\/\/oamgmamr-tulcea.ro\/","name":"OAMGMAMR Filiala Tulcea","description":"OAMR Filiala Tulcea","potentialAction":[{"@type":"SearchAction","target":{"@type":"EntryPoint","urlTemplate":"https:\/\/oamgmamr-tulcea.ro\/?s={search_term_string}"},"query-input":"required name=search_term_string"}],"inLanguage":"ro-RO"}]}},"_links":{"self":[{"href":"https:\/\/oamgmamr-tulcea.ro\/index.php\/wp-json\/wp\/v2\/pages\/257"}],"collection":[{"href":"https:\/\/oamgmamr-tulcea.ro\/index.php\/wp-json\/wp\/v2\/pages"}],"about":[{"href":"https:\/\/oamgmamr-tulcea.ro\/index.php\/wp-json\/wp\/v2\/types\/page"}],"author":[{"embeddable":true,"href":"https:\/\/oamgmamr-tulcea.ro\/index.php\/wp-json\/wp\/v2\/users\/1"}],"replies":[{"embeddable":true,"href":"https:\/\/oamgmamr-tulcea.ro\/index.php\/wp-json\/wp\/v2\/comments?post=257"}],"version-history":[{"count":1,"href":"https:\/\/oamgmamr-tulcea.ro\/index.php\/wp-json\/wp\/v2\/pages\/257\/revisions"}],"predecessor-version":[{"id":258,"href":"https:\/\/oamgmamr-tulcea.ro\/index.php\/wp-json\/wp\/v2\/pages\/257\/revisions\/258"}],"wp:attachment":[{"href":"https:\/\/oamgmamr-tulcea.ro\/index.php\/wp-json\/wp\/v2\/media?parent=257"}],"curies":[{"name":"wp","href":"https:\/\/api.w.org\/{rel}","templated":true}]}}